factors of 71600148?
2, 3, 1091, 1823
List the prime factors of 966044629.
11, 149, 173, 3407
List the prime factors of 45120429.
3, 71, 23537
List the prime factors of 111660666.
2, 3, 13, 110119
What are the prime factors of 309494810?
2, 5, 30949481
What are the prime factors of 29602372?
2, 17, 229, 1901
What are the prime factors of 57744555?
3, 5, 11, 349967
List the prime factors of 305283263.
17, 37, 485347
List the prime factors of 3535564980.
2, 3, 5, 58926083
What are the prime factors of 20689195?
5, 19, 217781
What are the prime factors of 321676973?
19, 61, 277547
What are the prime factors of 192994810?
2, 5, 359, 53759
List the prime factors of 20250895.
5, 7, 578597
What are the prime factors of 131180162?
2, 1579, 41539
List the prime factors of 18333428.
2, 61, 227, 331
List the prime factors of 80863720.
2, 5, 7, 41257
List the prime factors of 3756280083.
3, 389, 3218749
List the prime factors of 1245471224.
2, 8563, 18181
List the prime factors of 2095976819.
6473, 323803
What are the prime factors of 30964289?
30964289
List the prime factors of 24950008.
2, 229, 13619
What are the prime factors of 395997258?
2, 3, 65999543
What are the prime factors of 1966577235?
3, 5, 7, 19, 179, 5507
What are the prime factors of 27122113?
27122113
List the prime factors of 280051596.
2, 3, 11, 239, 269
What are the prime factors of 42824216?
2, 43, 124489
What are the prime factors of 36415104?
2, 3, 11, 37, 233
What are the prime factors of 125593389?
3, 4651607
List the prime factors of 54707395.
5, 43, 53, 4801
What are the prime factors of 91149169?
91149169
What are the prime factors of 7817689730?
2, 5, 1499, 521527
List the prime factors of 56285429.
19, 31, 95561
List the prime factors of 78184602.
2, 3, 482621
What are the prime factors of 693982371?
3, 53, 883, 4943
List the prime factors of 94096026.
2, 3, 421, 4139
List the prime factors of 179375727.
3, 59791909
List the prime factors of 143588731.
11, 13, 1004117
What are the prime factors of 301295342?
2, 521, 289151
What are the prime factors of 187095493?
13, 151, 95311
What are the prime factors of 5891843327?
5891843327
List the prime factors of 6396785.
5, 1279357
List the prime factors of 2437723785.
3, 5, 7, 61, 54371
List the prime factors of 34493985.
3, 5, 255511
What are the prime factors of 1213583179?
1213583179
What are the prime factors of 1521351841?
1521351841
What are the prime factors of 1641580309?
1641580309
List the prime factors of 3027933681.
3, 41, 24617347
What are the prime factors of 964821396?
2, 3, 7, 11, 1044179
List the prime factors of 9530801.
7, 47, 59, 491
What are the prime factors of 1280906275?
5, 11, 47, 99103
What are the prime factors of 1004603657?
13879, 72383
What are the prime factors of 392347693?
5737, 68389
What are the prime factors of 91696052?
2, 7, 19, 24623
What are the prime factors of 1930779342?
2, 3, 29, 136993
List the prime factors of 98351479.
98351479
What are the prime factors of 21209857?
89, 238313
What are the prime factors of 3524308306?
2, 61, 28887773
What are the prime factors of 294810551?
7, 59, 713827
List the prime factors of 407269992.
2, 3, 587, 28909
List the prime factors of 1129618082.
2, 89, 1249, 5081
What are the prime factors of 2398207?
7, 17, 2879
List the prime factors of 52292302.
2, 41, 637711
What are the prime factors of 1973946026?
2, 13, 5840077
What are the prime factors of 498274427?
7, 173, 257, 1601
What are the prime factors of 128871472?
2, 127, 63421
List the prime factors of 17561209.
17561209
What are the prime factors of 1945619308?
2, 1453, 334759
What are the prime factors of 20667602?
2, 10333801
List the prime factors of 16154355.
3, 5, 7, 137, 1123
What are the prime factors of 109539295?
5, 1259, 17401
List the prime factors of 37777415.
5, 13, 19, 181
List the prime factors of 1779267960.
2, 3, 5, 4942411
List the prime factors of 226410038.
2, 113205019
What are the prime factors of 20521143?
3, 2280127
What are the prime factors of 23831058?
2, 3, 3971843
List the prime factors of 3207588324.
2, 3, 267299027
What are the prime factors of 2348913998?
2, 2251, 521749
What are the prime factors of 17028938?
2, 8514469
What are the prime factors of 1366180766?
2, 61, 11198203
What are the prime factors of 114863886?
2, 3, 23, 4021
List the prime factors of 29078739.
3, 23, 140477
What are the prime factors of 164371246?
2, 13, 29, 277, 787
List the prime factors of 42797315.
5, 11, 337, 2309
List the prime factors of 19618450.
2, 5, 19, 107, 193
What are the prime factors of 4035225117?
3, 7, 11, 2495501
List the prime factors of 179077344.
2, 3, 1865389
List the prime factors of 900814611.
3, 43, 197, 35447
List the prime factors of 152015458.
2, 7, 661, 16427
What are the prime factors of 106988439?
3, 139, 256567
What are the prime factors of 782944687?
7, 131, 283, 431
What are the prime factors of 138035424?
2, 3, 1437869
What are the prime factors of 184333729?
433, 425713
What are the prime factors of 3339751053?
3, 1113250351
List the prime factors of 12971923.
103, 125941
What are the prime factors of 79184506?
2, 2339, 16927
What are the prime factors of 10371985?
5, 13, 159569
List the prime factors of 275754966.
2, 3, 271, 169591
What are the prime factors of 4360445988?
2, 3, 31, 11721629
What are the prime factors of 14626893?
3, 281, 17351
List the prime factors of 225946093.
225946093
List the prime factors of 57565238.
2, 59, 71, 6871
List the prime factors of 72001960.
2, 5, 23, 61, 1283
What are the prime factors of 43792871?
29, 71, 21269
What are the prime factors of 57824350?
2, 5, 41, 67, 421
List the prime factors of 377362588.
2, 1259, 74933
What are the prime factors of 7764988?
2, 7, 11, 17, 1483
List the prime factors of 245096099.
2179, 112481
List the prime factors of 76641273.
3, 8515697
List the prime factors of 805302473.
23, 1153, 30367
What are the prime factors of 1978875745?
5, 7, 11, 19, 24593
What are the prime factors of 432938397?
3, 53, 2722883
What are the prime factors of 309651069?
3, 7, 13, 53, 21401
List the prime factors of 187780810.
2, 5, 7, 17, 157799
List the prime factors of 31253208.
2, 3, 7, 17, 31, 353
What are the prime factors of 68136802?
2, 34068401
What are the prime factors of 326740647?
3, 127, 613, 1399
What are the prime factors of 69407952?
2, 3, 53, 27283
What are the prime factors of 66553588?
2, 127, 131011
What are the prime factors of 4028375632?
2, 599, 420323
List the prime factors of 372123908.
2, 13, 7156229
What are the prime factors of 134721953?
134721953
List the prime factors of 3196398240.
2, 3, 5, 7, 105701
List the prime factors of 93140301.
3, 31046767
What are the prime factors of 44235237?
3, 29, 508451
What are the prime factors of 251692621?
1789, 140689
What are the prime factors of 1437105608?
2, 17, 10566953
List the prime factors of 86666486.
2, 19, 283, 8059
What are the prime factors of 760937157?
3, 67, 757, 1667
List the prime factors of 1908612408.
2, 3, 61, 229, 5693
What are the prime factors of 1958205365?
5, 31, 251, 50333
List the prime factors of 123910717.
7, 1871, 9461
List the prime factors of 453126724.
2, 113281681
What are the prime factors of 186914231?
7, 233, 114601
What are the prime factors of 43484702?
2, 349, 62299
List the prime factors of 4515548072.
2, 7, 1993, 40459
List the prime factors of 1550626847.
7, 11, 41, 491171
What are the prime factors of 3039453232?
2, 727, 261301
List the prime factors of 6869677484.
2, 1717419371
What are the prime factors of 316667736?
2, 3, 7, 11, 57119
What are the prime factors of 8945663?
8945663
List the prime factors of 1477102682.
2, 11, 139, 409, 1181
List the prime factors of 3601125398.
2, 13, 138504823
List the prime factors of 43480346.
2, 7, 13, 34129
What are the prime factors of 6898646627?
71, 97164037
List the prime factors of 19474046.
2, 9737023
List the prime factors of 20817197.
17, 283, 4327
List the prime factors of 1646571759.
3, 7, 1609, 48731
List the prime factors of 24145026.
2, 3, 109, 36919
List the prime factors of 1058258900.
2, 5, 10582589
List the prime factors of 24056530.
2, 5, 17, 141509
List the prime factors of 18429702.
2, 3, 3071617
What are the prime factors of 273834